386754379 a prime number?
False
Is 365018243 composite?
False
Is 2383923769 a prime number?
True
Is 881156417 a composite number?
True
Is 147293598953 a prime number?
True
Is 39549640993 a prime number?
False
Is 613686209 a prime number?
True
Is 26363533247 composite?
True
Is 2264000573 composite?
False
Is 154307318693 a prime number?
False
Is 7716785693 a composite number?
False
Is 15095714899 a composite number?
False
Is 5390866997 a prime number?
True
Is 184745233 composite?
False
Is 568907069 a prime number?
False
Is 9629140945 prime?
False
Is 1028276987 a composite number?
True
Is 33061247927 a composite number?
False
Is 7415486129 a composite number?
True
Is 776379631 a composite number?
True
Is 358201541 a composite number?
False
Is 8575961683 a composite number?
True
Is 5586628771 composite?
False
Is 287188519 a composite number?
True
Is 7413334039 composite?
False
Is 104563023449 a prime number?
True
Is 889376557 composite?
True
Is 7577131799 a prime number?
False
Is 72964631 a prime number?
True
Is 116268745353 a composite number?
True
Is 569009267 a prime number?
False
Is 487377139 prime?
True
Is 993192671 composite?
False
Is 17276130623 a prime number?
False
Is 939129683 prime?
False
Is 41014107859 composite?
True
Is 3635836661 prime?
True
Is 10874843539 composite?
True
Is 197296061 a composite number?
False
Is 1669515301 a composite number?
False
Is 271507829 composite?
False
Is 108549277 a prime number?
False
Is 2353627581 a composite number?
True
Is 1276238339 a prime number?
True
Is 42832256813 prime?
True
Is 3001765363 a prime number?
True
Is 1688222209 prime?
False
Is 29295005587 composite?
False
Is 48997293641 a prime number?
True
Is 5509321385 a prime number?
False
Is 130054250761 a prime number?
True
Is 5044374259 a prime number?
True
Is 14424526789 a prime number?
True
Is 1812234541 a prime number?
False
Is 42839394673 a prime number?
True
Is 549499031 a prime number?
True
Is 11705973559 a composite number?
True
Is 1364068987 prime?
False
Is 18018737459 prime?
True
Is 543954779 a composite number?
False
Is 189639071 composite?
True
Is 798717691 a composite number?
True
Is 1862924837 a composite number?
False
Is 18942837853 prime?
True
Is 1102176019 a prime number?
False
Is 6492143723 a prime number?
False
Is 24563071607 a prime number?
True
Is 5301187681 composite?
False
Is 76731702973 composite?
True
Is 39155147293 a prime number?
True
Is 253818349 a composite number?
True
Is 969801037 composite?
False
Is 1037926441 composite?
False
Is 150060383023 prime?
True
Is 4811289127 prime?
False
Is 1372915801 a composite number?
True
Is 1052332103 composite?
False
Is 1803662869 prime?
True
Is 575552863 prime?
False
Is 2338286161 a prime number?
False
Is 12484429577 a prime number?
False
Is 15108361579 a composite number?
True
Is 775735229 a composite number?
True
Is 491712911 composite?
True
Is 17434170115 prime?
False
Is 6123680357 a prime number?
False
Is 4539008289 a prime number?
False
Is 2710557313 a prime number?
True
Is 32512953415 prime?
False
Is 15215979173 composite?
True
Is 42301829 prime?
False
Is 177619219 a prime number?
False
Is 25486450373 a prime number?
False
Is 1751633 a prime number?
False
Is 1697586419 composite?
False
Is 15678747361 a composite number?
True
Is 19262591 prime?
True
Is 60742078817 prime?
False
Is 1709214907 prime?
True
Is 967237819 composite?
True
Is 1535841109 a prime number?
False
Is 428780323 a composite number?
True
Is 136789945337 a prime number?
True
Is 129597837113 composite?
False
Is 77272703 a composite number?
False
Is 6076494185 a prime number?
False
Is 15568483855 a prime number?
False
Is 7221926527 composite?
False
Is 3117749759 composite?
True
Is 656210209 composite?
False
Is 53336617 a composite number?
False
Is 1434232747 prime?
False
Is 2483362081 a prime number?
True
Is 363839677 a prime number?
True
Is 1240448767 composite?
False
Is 28101632393 a composite number?
False
Is 1113255779 composite?
False
Is 1432460797 prime?
False
Is 3483247741 a composite number?
False
Is 12447859441 a composite number?
True
Is 316228139 a composite number?
True
Is 2003735983 a composite number?
True
Is 231906474589 prime?
False
Is 14452902853 prime?
True
Is 25301557 a prime number?
False
Is 22135104287 prime?
True
Is 12875110189 a composite number?
False
Is 9697136557 a composite number?
True
Is 19853876387 composite?
False
Is 18210500689 prime?
True
Is 2732851649 composite?
True
Is 670675819 composite?
True
Is 183541933 a prime number?
False
Is 257376913 a composite number?
True
Is 7651817321 a prime number?
False
Is 7871351161 composite?
True
Is 5142316703 a prime number?
True
Is 18297039601 a prime number?
False
Is 1012893317 a composite number?
False
Is 62465267633 a composite number?
True
Is 667882117 composite?
True
Is 1514558249 composite?
True
Is 7548345659 prime?
True
Is 166782737 a prime number?
False
Is 240799033 prime?
False
Is 2018178077 a prime number?
True
Is 38045733841 prime?
True
Is 373176103 prime?
False
Is 124937740129 prime?
True
Is 11495754247 a prime number?
True
Is 39669405661 a composite number?
False
Is 2993854813 composite?
False
Is 226878121 a prime number?
False
Is 989864149 a prime number?
False
Is 1659472247 a composite number?
True
Is 45491765071 composite?
True
Is 3649184153 prime?
True
Is 4096611011 a composite number?
False
Is 2458969979 a composite number?
False
Is 1223478409 a prime number?
True
Is 5196025259 composite?
True
Is 11589691849 a prime number?
False
Is 684011173 a prime number?
True
Is 4565523059 composite?
False
Is 1292264777 a composite number?
False
Is 450133129 a composite number?
False
Is 223755397 a prime number?
False
Is 481091239 a composite number?
False
Is 2731039139 a composite number?
False
Is 189707213 a composite number?
True
Is 179061373 prime?
True
Is 71398134683 a prime number?
True
Is 1722096791 composite?
True
Is 583547429 prime?
True
Is 30269234803 prime?
False
Is 72795612899 a composite number?
False
Is 2582481131 a composite number?
True
Is 9929122193 composite?
True
Is 1015894783 prime?
True
Is 188101357 a prime number?
True
Is 2067187279 a composite number?
False
Is 18566298461 composite?
True
Is 1807267927 a composite number?
True
Is 171976589 prime?
False
Is 194425332311 a prime number?
False
Is 1156201313 prime?
True
Is 8228439673 a composite number?
False
Is 15782460299 a composite number?
False
Is 305450537 a composite number?
True
Is 2783447207 prime?
False
Is 705477107 composite?
False
Is 2593237903 prime?
False
Is 3908840123 prime?
False
Is 7054423 a composite number?
True
Is 115581835 a prime number?
False
Is 1061855959 prime?
True
Is 30322525091 composite?
True
Is 457481863 prime?
False
Is 19619844593 a composite number?
False
Is 10454671 a prime number?
False
Is 27506763303 a composite number?
True
Is 305218751 a prime number?
True
Is 132367061 a prime number?
True
Is 32482553 composite?
False
Is 16790857681 composite?
True
Is 27550447 prime?
True
Is 395681739 a composite number?
True
Is 4534499129 composite?
True
Is 2286131347 a composite number?
False
Is 414820391 prime?
True
Is 4360493983 a prime number?
True
Is 874453063 a prime number?
False
Is 13234730237 a composite number?
True
Is 178897731 a composite number?
True
Is 35801561 a prime number?
True
Is 130064401 composite?
True
Is 258936235 a prime number?
False
Is 146352644629 prime?
True
Is 153700158149 prime?
False
Is 324708361 a prime number?
True
Is 3399669617 a prime number?
True
Is 24631480969 prime?
False
Is 2592487873 prime?
True
Is 9641401597 a prime number?
True
Is 48959230993 prime?
False
Is 11588995933 a prime number?
False
Is 3030589453 prime?
True
Is 17137628563 prime?
False
Is 1250535031 composite?
True
Is 7452731707 prime?
True
Is 700939637 a composite number?
True
Is 3394922203 a composite number?
False
Is 1052533939 a prime number?
False
Is 61378942533 composite?
True
Is 79782406373 prime?
True
Is 1271977607 a prime number?
False
Is 5782790417 a prime number?
False
Is 3683356279 a prime number?
False
Is 55549096459 prime?
True
Is 2392303093 a composite number?
False
Is 5421905309 a prime number?
True
Is 15162567137 a prime number?
False
Is 39366487351 prime?
False
Is 345448697 a composite number?
True
Is 7803005541 a prime number?
